{"id":2,"date":"2016-08-01T07:31:35","date_gmt":"2016-08-01T07:31:35","guid":{"rendered":"http:\/\/ostorea-hdl.fr\/?page_id=2"},"modified":"2020-11-16T23:47:34","modified_gmt":"2020-11-16T22:47:34","slug":"home","status":"publish","type":"page","link":"https:\/\/ostorea-hdl.fr\/","title":{"rendered":"Home"},"content":{"rendered":"<p>[vc_row][vc_column width=\u00a0\u00bb1\/2&Prime;][vc_empty_space height=\u00a0\u00bb2em\u00a0\u00bb]<h1 class=\"sc_title sc_title_underline sc_align_center\" style=\"text-align:center;\">Bienvenue chez Pizza L&rsquo;Ostorea<\/h1>[vc_column_text]<\/p>\n<p style=\"text-align: center; font-size: 1.143em;\"><em><span style=\"color: #fbcd4e;\">Nos chefs travaillent 7\/7 et sont pr\u00eats pour vous accueillir \u00e0 tout moment<\/span><\/em><em><span style=\"color: #fbcd4e;\"><br \/>\n<\/span><\/em><\/p>\n<p>[\/vc_column_text][vc_empty_space height=\u00a0\u00bb0.9em\u00a0\u00bb]<div class=\"sc_section sc_section_block margin_right_medium margin_bottom_medium margin_left_medium aligncenter\"><div class=\"sc_section_inner\"><div class=\"sc_section_content_wrap\">[vc_column_text]<\/p>\n<p style=\"text-align: center;\">Nous aimerions profiter de cette occasion pour vous accueillir dans notre pizzeria l&rsquo;Ostorea. Nous vous proposons une ambiance chaleureuse et conviviale pour partager nos pizzas et nos repas en famille.<\/p>\n<p>[\/vc_column_text]<\/div><\/div><\/div>[\/vc_column][vc_column width=\u00a0\u00bb1\/2&Prime;]<div class=\"sc_section margin_top_small margin_bottom_medium aligncenter\"><div class=\"sc_section_inner\"><div class=\"sc_section_content_wrap\"><div class=\"columns_wrap sc_columns columns_nofluid sc_columns_count_2 margin_bottom_huge\"><div class=\"column-1_2 sc_column_item sc_column_item_1 odd first\"><figure class=\"sc_image  sc_image_shape_square\"><img decoding=\"async\" src=\"https:\/\/ostorea-hdl.fr\/wp-content\/uploads\/2020\/11\/banner_1-1.png\" alt=\"\" \/><\/figure><\/div><div class=\"column-1_2 sc_column_item sc_column_item_2 even\"><figure class=\"sc_image  sc_image_shape_square\"><img decoding=\"async\" src=\"https:\/\/ostorea-hdl.fr\/wp-content\/uploads\/2020\/11\/banner_2-1.png\" alt=\"\" \/><\/figure><\/div><\/div><\/div><\/div><\/div>[\/vc_column][\/vc_row][vc_row][vc_column][vc_empty_space height=\u00a0\u00bb2.5em\u00a0\u00bb][\/vc_column][\/vc_row][vc_row full_width=\u00a0\u00bbstretch_row\u00a0\u00bb inverse=\u00a0\u00bb\u00a0\u00bb style_line=\u00a0\u00bbyes\u00a0\u00bb css=\u00a0\u00bb.vc_custom_1471003001624{background-image: url(http:\/\/ostorea-hdl.fr\/wp-content\/uploads\/2016\/08\/bg_testimonials.jpg?id=1319) !important;background-position: center !important;background-repeat: no-repeat !important;background-size: cover !important;}\u00a0\u00bb][vc_column][vc_empty_space height=\u00a0\u00bb1.5em\u00a0\u00bb]<div class=\"sc_testimonials_wrap sc_section scheme_dark\" style=\"\"><div class=\"sc_section_overlay\" style=\"\"><div id=\"sc_testimonials_740468893\" class=\"sc_testimonials sc_testimonials_style_testimonials-1  margin_top_huge margin_bottom_huge\" style=\"width:100%;\"><h6 class=\"sc_testimonials_subtitle sc_item_subtitle\">Commentaires Des Client<\/h6><h2 class=\"sc_testimonials_title sc_item_title sc_item_title_without_descr\">Ce que nos clients pensent<\/h2><div class=\"sc_slider_swiper swiper-slider-container sc_slider_nopagination sc_slider_controls sc_slider_controls_side\" data-interval=\"8958\" data-slides-min-width=\"250\"><div class=\"slides swiper-wrapper\"><div class=\"swiper-slide\" data-style=\"width:100%;\" style=\"width:100%;\">\t\t\t<div id=\"sc_testimonials_740468893_1\" class=\"sc_testimonial_item big\">\n\t\t\t\t<div class=\"sc_testimonial_content\"><p>Tr\u00e8s bonnes pizzas et livraison rapide !<\/p>\n<\/div>\n\t\t\t\t\t\t\t\t\t\t\t\t<div class=\"sc_testimonial_author\"><span class=\"sc_testimonial_author_name\">Anonyme<\/span><\/div>\n\t\t\t\t\t\t\t<\/div>\n\t\t<\/div><div class=\"swiper-slide\" data-style=\"width:100%;\" style=\"width:100%;\">\t\t\t<div id=\"sc_testimonials_740468893_2\" class=\"sc_testimonial_item big\">\n\t\t\t\t<div class=\"sc_testimonial_content\"><p>\u00e9quipe tr\u00e8s aimable et livraison \u00e0 temps.<\/p>\n<\/div>\n\t\t\t\t\t\t\t\t\t\t\t\t<div class=\"sc_testimonial_author\"><span class=\"sc_testimonial_author_name\">Anonyme<\/span><\/div>\n\t\t\t\t\t\t\t<\/div>\n\t\t<\/div><\/div><div class=\"sc_slider_controls_wrap\"><a class=\"sc_slider_prev\" href=\"#\"><\/a><a class=\"sc_slider_next\" href=\"#\"><\/a><\/div><div class=\"sc_slider_pagination_wrap\"><\/div><\/div><\/div><\/div><\/div>[vc_empty_space height=\u00a0\u00bb2.3em\u00a0\u00bb][\/vc_column][\/vc_row][vc_row][vc_column][vc_empty_space height=\u00a0\u00bb4em\u00a0\u00bb][\/vc_column][\/vc_row][vc_row css=\u00a0\u00bb.vc_custom_1470811141212{margin-top: 2em !important;}\u00a0\u00bb][vc_column width=\u00a0\u00bb1\/2&Prime;]<div class=\"columns_wrap sc_columns columns_nofluid sc_columns_count_2 margin_top_medium margin_bottom_small\" data-equal-height=\".sc_column_item\"><div class=\"column-1_2 sc_column_item sc_column_item_1 odd first\"><div class=\"sc_section bg_image\" style=\"background-image:url(https:\/\/ostorea-hdl.fr\/wp-content\/uploads\/2016\/08\/image_2.jpg);background-repeat:no-repeat;background-size:cover;\"><div class=\"sc_section_inner\"><div class=\"sc_section_overlay\" style=\"\"><div class=\"sc_section_content padding_off\" style=\"\"><div class=\"sc_section_content_wrap\">[vc_empty_space height=\u00a0\u00bb9em\u00a0\u00bb]<\/div><\/div><\/div><\/div><\/div><\/div><div class=\"column-1_2 sc_column_item sc_column_item_2 even\"><div id=\"sc_googlemap_999496449\" class=\"sc_googlemap\" style=\"width:100%;height:407px;\" data-zoom=\"12\" data-style=\"default\"><iframe src=\"https:\/\/maps.google.com\/maps?t=m&output=embed&iwloc=near&z=12&q=462+Avenue+Raymond+Pinchard%2C+54100+Nancy@48.704318,6.154264\" scrolling=\"no\" marginheight=\"0\" marginwidth=\"0\" frameborder=\"0\" aria-label=\"Ostorea\"><\/iframe><\/div><\/div><\/div>[\/vc_column][vc_column width=\u00a0\u00bb1\/2&Prime;]<div class=\"sc_section margin_top_medium margin_right_medium margin_bottom_small margin_left_large\"><div class=\"sc_section_inner\"><div class=\"sc_section_content_wrap\"><div id=\"sc_call_to_action_2046377006\" class=\"sc_call_to_action sc_call_to_action_style_1 sc_call_to_action_align_left margin_bottom_small\" style=\"width:100%;\"><div class=\"sc_call_to_action_info\"><h6 class=\"sc_call_to_action_subtitle sc_item_subtitle\">Contacter nous!<\/h6><\/div><\/div>[vc_empty_space height=\u00a0\u00bb6px\u00a0\u00bb][vc_column_text]<\/p>\n<div class=\"wpb_text_column wpb_content_element \">\n<div class=\"wpb_wrapper\">\n<p>Pizza Ostorea vous propose des pizzas, salades et plats pr\u00e9par\u00e9s avec go\u00fbt!<\/p>\n<\/div>\n<\/div>\n<p>[\/vc_column_text][vc_empty_space height=\u00a0\u00bb1.3em\u00a0\u00bb]<div class=\"sc_section sc_section_block margin_top_tiny margin_bottom_tiny\"><div class=\"sc_section_inner\"><div class=\"sc_section_content_wrap\"><span class=\"sc_icon icon-location-light alignleft margin_top_null margin_bottom_null\" style=\"display:block;color:#ca0808;\"><\/span>[vc_column_text]<span class=\"LrzXr\">462 Avenue Raymond Pinchard, 54100 Nancy<\/span>[\/vc_column_text]<\/div><\/div><\/div>[vc_empty_space height=\u00a0\u00bb1.3em\u00a0\u00bb]<div class=\"sc_section sc_section_block margin_bottom_tiny\"><div class=\"sc_section_inner\"><div class=\"sc_section_content_wrap\"><span class=\"sc_icon icon-clock alignleft margin_top_null margin_bottom_null\" style=\"display:block;color:#ca0808;\"><\/span>[vc_column_text]OUVERT 7j\/7 de11h \u00e0 14h et de 18h \u00e0 22h30.<br \/>\nWeek-end: 23h. Ferm\u00e9 le Dimanche midi.[\/vc_column_text]<\/div><\/div><\/div>[vc_empty_space height=\u00a0\u00bb1.3em\u00a0\u00bb]<div class=\"sc_section sc_section_block \"><div class=\"sc_section_inner\"><div class=\"sc_section_content_wrap\"><span class=\"sc_icon icon-mobile-light alignleft margin_top_null margin_bottom_null\" style=\"display:block;color:#ca0808;\"><\/span>[vc_column_text]<a href=\"tel:+33383931000\">+33383931000<\/a>[\/vc_column_text]<\/div><\/div><\/div><\/div><\/div><\/div>[\/vc_column][\/vc_row][vc_row][vc_column]<div class=\"sc_line sc_line_position_center_center sc_line_style_image margin_top_small margin_bottom_null\" style=\"height:3px;background-image: url(https:\/\/ostorea-hdl.fr\/wp-content\/uploads\/2016\/08\/bg_line.png);background-repeat: repeat-x;\"><\/div>[vc_empty_space height=\u00a0\u00bb0.3em\u00a0\u00bb]<div class=\"columns_wrap sc_columns columns_nofluid sc_columns_count_3 social_col \"><div class=\"column-1_3 sc_column_item sc_column_item_1 odd first\">[vc_empty_space height=\u00a0\u00bb1em\u00a0\u00bb]<h4 class=\"sc_title sc_title_iconed sc_align_center text_link_subtitle \" style=\"text-align:center;\"><span class=\"sc_title_icon sc_title_icon_left  sc_title_icon_small icon-facebook\"><\/span><a href=\"https:\/\/www.facebook.com\/\" target=\"_blank\" rel=\"noopener noreferrer\">Suivez-nous sur Facebook<\/a><\/h4>[vc_empty_space height=\u00a0\u00bb0.6em\u00a0\u00bb]<\/div><div class=\"column-1_3 sc_column_item sc_column_item_2 even\">[vc_empty_space height=\u00a0\u00bb1em\u00a0\u00bb]<h4 class=\"sc_title sc_title_iconed sc_align_center text_link_subtitle \" style=\"text-align:center;color:#ffffff;\"><span class=\"sc_title_icon sc_title_icon_left  sc_title_icon_small icon-twitter\"><\/span><a href=\"https:\/\/www.twitter.com\/\">Suivez-nous sur Twitter<\/a><\/h4>[vc_empty_space height=\u00a0\u00bb0.6em\u00a0\u00bb]<\/div><div class=\"column-1_3 sc_column_item sc_column_item_3 odd\">[vc_empty_space height=\u00a0\u00bb1em\u00a0\u00bb]<h4 class=\"sc_title sc_title_iconed sc_align_center text_link_subtitle \" style=\"text-align:center;color:#ffffff;\"><span class=\"sc_title_icon sc_title_icon_left  sc_title_icon_small icon-instagramm\"><\/span><a href=\"https:\/\/www.facebook.com\/Pizza-LOstorea-III-203102166903455\/?view_public_for=203102166903455\">Suivez-nous sur Instagram<\/a><\/h4>[vc_empty_space height=\u00a0\u00bb0.6em\u00a0\u00bb]<\/div><\/div><div class=\"sc_line sc_line_position_center_center sc_line_style_image margin_top_null margin_bottom_small\" style=\"height:3px;background-image: url(https:\/\/ostorea-hdl.fr\/wp-content\/uploads\/2016\/08\/bg_line.png);background-repeat: repeat-x;\"><\/div>[\/vc_column][\/vc_row]<\/p>\n","protected":false},"excerpt":{"rendered":"<p>[vc_row][vc_column width=\u00a0\u00bb1\/2&Prime;][vc_empty_space height=\u00a0\u00bb2em\u00a0\u00bb][vc_column_text] Nos chefs travaillent 7\/7 et sont pr\u00eats pour vous accueillir \u00e0 tout moment [\/vc_column_text][vc_empty_space height=\u00a0\u00bb0.9em\u00a0\u00bb][\/vc_column][vc_column width=\u00a0\u00bb1\/2&Prime;][\/vc_column][\/vc_row][vc_row][vc_column][vc_empty_space height=\u00a0\u00bb2.5em\u00a0\u00bb][\/vc_column][\/vc_row][vc_row full_width=\u00a0\u00bbstretch_row\u00a0\u00bb inverse=\u00a0\u00bb\u00a0\u00bb style_line=\u00a0\u00bbyes\u00a0\u00bb css=\u00a0\u00bb.vc_custom_1471003001624{background-image: url(http:\/\/ostorea-hdl.fr\/wp-content\/uploads\/2016\/08\/bg_testimonials.jpg?id=1319) !important;background-position: center !important;background-repeat: no-repeat !important;background-size: [&hellip;]<\/p>\n","protected":false},"author":1,"featured_media":0,"parent":0,"menu_order":0,"comment_status":"closed","ping_status":"open","template":"","meta":{"footnotes":""},"class_list":["post-2","page","type-page","status-publish","hentry"],"yoast_head":"<!-- This site is optimized with the Yoast SEO plugin v18.6 - https:\/\/yoast.com\/wordpress\/plugins\/seo\/ -->\n<title>Home - Ostorea HDL<\/title>\n<meta name=\"robots\" content=\"index, follow, max-snippet:-1, max-image-preview:large, max-video-preview:-1\" \/>\n<link rel=\"canonical\" href=\"https:\/\/ostorea-hdl.fr\/\" \/>\n<meta property=\"og:locale\" content=\"fr_FR\" \/>\n<meta property=\"og:type\" content=\"article\" \/>\n<meta property=\"og:title\" content=\"Home - Ostorea HDL\" \/>\n<meta property=\"og:description\" content=\"[vc_row][vc_column width=\u00a0\u00bb1\/2&Prime;][vc_empty_space height=\u00a0\u00bb2em\u00a0\u00bb][vc_column_text] Nos chefs travaillent 7\/7 et sont pr\u00eats pour vous accueillir \u00e0 tout moment [\/vc_column_text][vc_empty_space height=\u00a0\u00bb0.9em\u00a0\u00bb][\/vc_column][vc_column width=\u00a0\u00bb1\/2&Prime;][\/vc_column][\/vc_row][vc_row][vc_column][vc_empty_space height=\u00a0\u00bb2.5em\u00a0\u00bb][\/vc_column][\/vc_row][vc_row full_width=\u00a0\u00bbstretch_row\u00a0\u00bb inverse=\u00a0\u00bb\u00a0\u00bb style_line=\u00a0\u00bbyes\u00a0\u00bb css=\u00a0\u00bb.vc_custom_1471003001624{background-image: url(http:\/\/ostorea-hdl.fr\/wp-content\/uploads\/2016\/08\/bg_testimonials.jpg?id=1319) !important;background-position: center !important;background-repeat: no-repeat !important;background-size: [&hellip;]\" \/>\n<meta property=\"og:url\" content=\"https:\/\/ostorea-hdl.fr\/\" \/>\n<meta property=\"og:site_name\" content=\"Ostorea HDL\" \/>\n<meta property=\"article:modified_time\" content=\"2020-11-16T22:47:34+00:00\" \/>\n<meta name=\"twitter:card\" content=\"summary_large_image\" \/>\n<meta name=\"twitter:label1\" content=\"Dur\u00e9e de lecture estim\u00e9e\" \/>\n\t<meta name=\"twitter:data1\" content=\"3 minutes\" \/>\n<script type=\"application\/ld+json\" class=\"yoast-schema-graph\">{\"@context\":\"https:\/\/schema.org\",\"@graph\":[{\"@type\":\"Organization\",\"@id\":\"https:\/\/ostorea-hdl.fr\/#organization\",\"name\":\"Pizza Ostorea HDL\",\"url\":\"https:\/\/ostorea-hdl.fr\/\",\"sameAs\":[],\"logo\":{\"@type\":\"ImageObject\",\"@id\":\"https:\/\/ostorea-hdl.fr\/#logo\",\"inLanguage\":\"fr-FR\",\"url\":\"https:\/\/ostorea-hdl.fr\/wp-content\/uploads\/2020\/11\/OSTOREA-2-1.png\",\"contentUrl\":\"https:\/\/ostorea-hdl.fr\/wp-content\/uploads\/2020\/11\/OSTOREA-2-1.png\",\"width\":1028,\"height\":933,\"caption\":\"Pizza Ostorea HDL\"},\"image\":{\"@id\":\"https:\/\/ostorea-hdl.fr\/#logo\"}},{\"@type\":\"WebSite\",\"@id\":\"https:\/\/ostorea-hdl.fr\/#website\",\"url\":\"https:\/\/ostorea-hdl.fr\/\",\"name\":\"Ostorea HDL\",\"description\":\"La qualit\u00e9 \u00e0 proximit\u00e9\",\"publisher\":{\"@id\":\"https:\/\/ostorea-hdl.fr\/#organization\"},\"potentialAction\":[{\"@type\":\"SearchAction\",\"target\":{\"@type\":\"EntryPoint\",\"urlTemplate\":\"https:\/\/ostorea-hdl.fr\/?s={search_term_string}\"},\"query-input\":\"required name=search_term_string\"}],\"inLanguage\":\"fr-FR\"},{\"@type\":\"WebPage\",\"@id\":\"https:\/\/ostorea-hdl.fr\/#webpage\",\"url\":\"https:\/\/ostorea-hdl.fr\/\",\"name\":\"Home - Ostorea HDL\",\"isPartOf\":{\"@id\":\"https:\/\/ostorea-hdl.fr\/#website\"},\"datePublished\":\"2016-08-01T07:31:35+00:00\",\"dateModified\":\"2020-11-16T22:47:34+00:00\",\"breadcrumb\":{\"@id\":\"https:\/\/ostorea-hdl.fr\/#breadcrumb\"},\"inLanguage\":\"fr-FR\",\"potentialAction\":[{\"@type\":\"ReadAction\",\"target\":[\"https:\/\/ostorea-hdl.fr\/\"]}]},{\"@type\":\"BreadcrumbList\",\"@id\":\"https:\/\/ostorea-hdl.fr\/#breadcrumb\",\"itemListElement\":[{\"@type\":\"ListItem\",\"position\":1,\"name\":\"Home\",\"item\":\"https:\/\/ostorea-hdl.fr\/\"},{\"@type\":\"ListItem\",\"position\":2,\"name\":\"Home\"}]}]}<\/script>\n<!-- \/ Yoast SEO plugin. -->","yoast_head_json":{"title":"Home - Ostorea HDL","robots":{"index":"index","follow":"follow","max-snippet":"max-snippet:-1","max-image-preview":"max-image-preview:large","max-video-preview":"max-video-preview:-1"},"canonical":"https:\/\/ostorea-hdl.fr\/","og_locale":"fr_FR","og_type":"article","og_title":"Home - Ostorea HDL","og_description":"[vc_row][vc_column width=\u00a0\u00bb1\/2&Prime;][vc_empty_space height=\u00a0\u00bb2em\u00a0\u00bb][vc_column_text] Nos chefs travaillent 7\/7 et sont pr\u00eats pour vous accueillir \u00e0 tout moment [\/vc_column_text][vc_empty_space height=\u00a0\u00bb0.9em\u00a0\u00bb][\/vc_column][vc_column width=\u00a0\u00bb1\/2&Prime;][\/vc_column][\/vc_row][vc_row][vc_column][vc_empty_space height=\u00a0\u00bb2.5em\u00a0\u00bb][\/vc_column][\/vc_row][vc_row full_width=\u00a0\u00bbstretch_row\u00a0\u00bb inverse=\u00a0\u00bb\u00a0\u00bb style_line=\u00a0\u00bbyes\u00a0\u00bb css=\u00a0\u00bb.vc_custom_1471003001624{background-image: url(http:\/\/ostorea-hdl.fr\/wp-content\/uploads\/2016\/08\/bg_testimonials.jpg?id=1319) !important;background-position: center !important;background-repeat: no-repeat !important;background-size: [&hellip;]","og_url":"https:\/\/ostorea-hdl.fr\/","og_site_name":"Ostorea HDL","article_modified_time":"2020-11-16T22:47:34+00:00","twitter_card":"summary_large_image","twitter_misc":{"Dur\u00e9e de lecture estim\u00e9e":"3 minutes"},"schema":{"@context":"https:\/\/schema.org","@graph":[{"@type":"Organization","@id":"https:\/\/ostorea-hdl.fr\/#organization","name":"Pizza Ostorea HDL","url":"https:\/\/ostorea-hdl.fr\/","sameAs":[],"logo":{"@type":"ImageObject","@id":"https:\/\/ostorea-hdl.fr\/#logo","inLanguage":"fr-FR","url":"https:\/\/ostorea-hdl.fr\/wp-content\/uploads\/2020\/11\/OSTOREA-2-1.png","contentUrl":"https:\/\/ostorea-hdl.fr\/wp-content\/uploads\/2020\/11\/OSTOREA-2-1.png","width":1028,"height":933,"caption":"Pizza Ostorea HDL"},"image":{"@id":"https:\/\/ostorea-hdl.fr\/#logo"}},{"@type":"WebSite","@id":"https:\/\/ostorea-hdl.fr\/#website","url":"https:\/\/ostorea-hdl.fr\/","name":"Ostorea HDL","description":"La qualit\u00e9 \u00e0 proximit\u00e9","publisher":{"@id":"https:\/\/ostorea-hdl.fr\/#organization"},"potentialAction":[{"@type":"SearchAction","target":{"@type":"EntryPoint","urlTemplate":"https:\/\/ostorea-hdl.fr\/?s={search_term_string}"},"query-input":"required name=search_term_string"}],"inLanguage":"fr-FR"},{"@type":"WebPage","@id":"https:\/\/ostorea-hdl.fr\/#webpage","url":"https:\/\/ostorea-hdl.fr\/","name":"Home - Ostorea HDL","isPartOf":{"@id":"https:\/\/ostorea-hdl.fr\/#website"},"datePublished":"2016-08-01T07:31:35+00:00","dateModified":"2020-11-16T22:47:34+00:00","breadcrumb":{"@id":"https:\/\/ostorea-hdl.fr\/#breadcrumb"},"inLanguage":"fr-FR","potentialAction":[{"@type":"ReadAction","target":["https:\/\/ostorea-hdl.fr\/"]}]},{"@type":"BreadcrumbList","@id":"https:\/\/ostorea-hdl.fr\/#breadcrumb","itemListElement":[{"@type":"ListItem","position":1,"name":"Home","item":"https:\/\/ostorea-hdl.fr\/"},{"@type":"ListItem","position":2,"name":"Home"}]}]}},"_links":{"self":[{"href":"https:\/\/ostorea-hdl.fr\/index.php\/wp-json\/wp\/v2\/pages\/2","targetHints":{"allow":["GET"]}}],"collection":[{"href":"https:\/\/ostorea-hdl.fr\/index.php\/wp-json\/wp\/v2\/pages"}],"about":[{"href":"https:\/\/ostorea-hdl.fr\/index.php\/wp-json\/wp\/v2\/types\/page"}],"author":[{"embeddable":true,"href":"https:\/\/ostorea-hdl.fr\/index.php\/wp-json\/wp\/v2\/users\/1"}],"replies":[{"embeddable":true,"href":"https:\/\/ostorea-hdl.fr\/index.php\/wp-json\/wp\/v2\/comments?post=2"}],"version-history":[{"count":24,"href":"https:\/\/ostorea-hdl.fr\/index.php\/wp-json\/wp\/v2\/pages\/2\/revisions"}],"predecessor-version":[{"id":1978,"href":"https:\/\/ostorea-hdl.fr\/index.php\/wp-json\/wp\/v2\/pages\/2\/revisions\/1978"}],"wp:attachment":[{"href":"https:\/\/ostorea-hdl.fr\/index.php\/wp-json\/wp\/v2\/media?parent=2"}],"curies":[{"name":"wp","href":"https:\/\/api.w.org\/{rel}","templated":true}]}}