{"id":2216,"date":"2022-04-13T02:36:33","date_gmt":"2022-04-13T00:36:33","guid":{"rendered":"http:\/\/ostorea-hdl.fr\/?post_type=product&#038;p=2216"},"modified":"2024-10-30T12:40:53","modified_gmt":"2024-10-30T11:40:53","slug":"tiramisu","status":"publish","type":"product","link":"https:\/\/ostorea-hdl.fr\/index.php\/product\/tiramisu\/","title":{"rendered":"TIRAMISU"},"content":{"rendered":"","protected":false},"excerpt":{"rendered":"","protected":false},"featured_media":1857,"template":"","meta":[],"product_cat":[85],"product_tag":[],"class_list":["post-2216","product","type-product","status-publish","has-post-thumbnail","hentry","product_cat-desserts"],"yoast_head":"<!-- This site is optimized with the Yoast SEO plugin v18.6 - https:\/\/yoast.com\/wordpress\/plugins\/seo\/ -->\n<title>TIRAMISU - Ostorea HDL<\/title>\n<meta name=\"robots\" content=\"index, follow, max-snippet:-1, max-image-preview:large, max-video-preview:-1\" \/>\n<link rel=\"canonical\" href=\"https:\/\/ostorea-hdl.fr\/index.php\/product\/tiramisu\/\" \/>\n<meta property=\"og:locale\" content=\"fr_FR\" \/>\n<meta property=\"og:type\" content=\"article\" \/>\n<meta property=\"og:title\" content=\"TIRAMISU - Ostorea HDL\" \/>\n<meta property=\"og:url\" content=\"https:\/\/ostorea-hdl.fr\/index.php\/product\/tiramisu\/\" \/>\n<meta property=\"og:site_name\" content=\"Ostorea HDL\" \/>\n<meta property=\"article:modified_time\" content=\"2024-10-30T11:40:53+00:00\" \/>\n<meta property=\"og:image\" content=\"https:\/\/ostorea-hdl.fr\/wp-content\/uploads\/2020\/11\/tiramisu.jpg\" \/>\n\t<meta property=\"og:image:width\" content=\"585\" \/>\n\t<meta property=\"og:image:height\" content=\"438\" \/>\n\t<meta property=\"og:image:type\" content=\"image\/jpeg\" \/>\n<meta name=\"twitter:card\" content=\"summary_large_image\" \/>\n<script type=\"application\/ld+json\" class=\"yoast-schema-graph\">{\"@context\":\"https:\/\/schema.org\",\"@graph\":[{\"@type\":\"Organization\",\"@id\":\"https:\/\/ostorea-hdl.fr\/#organization\",\"name\":\"Pizza Ostorea HDL\",\"url\":\"https:\/\/ostorea-hdl.fr\/\",\"sameAs\":[],\"logo\":{\"@type\":\"ImageObject\",\"@id\":\"https:\/\/ostorea-hdl.fr\/#logo\",\"inLanguage\":\"fr-FR\",\"url\":\"https:\/\/ostorea-hdl.fr\/wp-content\/uploads\/2020\/11\/OSTOREA-2-1.png\",\"contentUrl\":\"https:\/\/ostorea-hdl.fr\/wp-content\/uploads\/2020\/11\/OSTOREA-2-1.png\",\"width\":1028,\"height\":933,\"caption\":\"Pizza Ostorea HDL\"},\"image\":{\"@id\":\"https:\/\/ostorea-hdl.fr\/#logo\"}},{\"@type\":\"WebSite\",\"@id\":\"https:\/\/ostorea-hdl.fr\/#website\",\"url\":\"https:\/\/ostorea-hdl.fr\/\",\"name\":\"Ostorea HDL\",\"description\":\"La qualit\u00e9 \u00e0 proximit\u00e9\",\"publisher\":{\"@id\":\"https:\/\/ostorea-hdl.fr\/#organization\"},\"potentialAction\":[{\"@type\":\"SearchAction\",\"target\":{\"@type\":\"EntryPoint\",\"urlTemplate\":\"https:\/\/ostorea-hdl.fr\/?s={search_term_string}\"},\"query-input\":\"required name=search_term_string\"}],\"inLanguage\":\"fr-FR\"},{\"@type\":\"ImageObject\",\"@id\":\"https:\/\/ostorea-hdl.fr\/index.php\/product\/tiramisu\/#primaryimage\",\"inLanguage\":\"fr-FR\",\"url\":\"https:\/\/ostorea-hdl.fr\/wp-content\/uploads\/2020\/11\/tiramisu.jpg\",\"contentUrl\":\"https:\/\/ostorea-hdl.fr\/wp-content\/uploads\/2020\/11\/tiramisu.jpg\",\"width\":585,\"height\":438},{\"@type\":\"WebPage\",\"@id\":\"https:\/\/ostorea-hdl.fr\/index.php\/product\/tiramisu\/#webpage\",\"url\":\"https:\/\/ostorea-hdl.fr\/index.php\/product\/tiramisu\/\",\"name\":\"TIRAMISU - Ostorea HDL\",\"isPartOf\":{\"@id\":\"https:\/\/ostorea-hdl.fr\/#website\"},\"primaryImageOfPage\":{\"@id\":\"https:\/\/ostorea-hdl.fr\/index.php\/product\/tiramisu\/#primaryimage\"},\"datePublished\":\"2022-04-13T00:36:33+00:00\",\"dateModified\":\"2024-10-30T11:40:53+00:00\",\"breadcrumb\":{\"@id\":\"https:\/\/ostorea-hdl.fr\/index.php\/product\/tiramisu\/#breadcrumb\"},\"inLanguage\":\"fr-FR\",\"potentialAction\":[{\"@type\":\"ReadAction\",\"target\":[\"https:\/\/ostorea-hdl.fr\/index.php\/product\/tiramisu\/\"]}]},{\"@type\":\"BreadcrumbList\",\"@id\":\"https:\/\/ostorea-hdl.fr\/index.php\/product\/tiramisu\/#breadcrumb\",\"itemListElement\":[{\"@type\":\"ListItem\",\"position\":1,\"name\":\"Home\",\"item\":\"https:\/\/ostorea-hdl.fr\/\"},{\"@type\":\"ListItem\",\"position\":2,\"name\":\"Commandez en ligne\",\"item\":\"https:\/\/ostorea-hdl.fr\/index.php\/shop\/\"},{\"@type\":\"ListItem\",\"position\":3,\"name\":\"TIRAMISU\"}]}]}<\/script>\n<!-- \/ Yoast SEO plugin. -->","yoast_head_json":{"title":"TIRAMISU - Ostorea HDL","robots":{"index":"index","follow":"follow","max-snippet":"max-snippet:-1","max-image-preview":"max-image-preview:large","max-video-preview":"max-video-preview:-1"},"canonical":"https:\/\/ostorea-hdl.fr\/index.php\/product\/tiramisu\/","og_locale":"fr_FR","og_type":"article","og_title":"TIRAMISU - Ostorea HDL","og_url":"https:\/\/ostorea-hdl.fr\/index.php\/product\/tiramisu\/","og_site_name":"Ostorea HDL","article_modified_time":"2024-10-30T11:40:53+00:00","og_image":[{"width":585,"height":438,"url":"https:\/\/ostorea-hdl.fr\/wp-content\/uploads\/2020\/11\/tiramisu.jpg","type":"image\/jpeg"}],"twitter_card":"summary_large_image","schema":{"@context":"https:\/\/schema.org","@graph":[{"@type":"Organization","@id":"https:\/\/ostorea-hdl.fr\/#organization","name":"Pizza Ostorea HDL","url":"https:\/\/ostorea-hdl.fr\/","sameAs":[],"logo":{"@type":"ImageObject","@id":"https:\/\/ostorea-hdl.fr\/#logo","inLanguage":"fr-FR","url":"https:\/\/ostorea-hdl.fr\/wp-content\/uploads\/2020\/11\/OSTOREA-2-1.png","contentUrl":"https:\/\/ostorea-hdl.fr\/wp-content\/uploads\/2020\/11\/OSTOREA-2-1.png","width":1028,"height":933,"caption":"Pizza Ostorea HDL"},"image":{"@id":"https:\/\/ostorea-hdl.fr\/#logo"}},{"@type":"WebSite","@id":"https:\/\/ostorea-hdl.fr\/#website","url":"https:\/\/ostorea-hdl.fr\/","name":"Ostorea HDL","description":"La qualit\u00e9 \u00e0 proximit\u00e9","publisher":{"@id":"https:\/\/ostorea-hdl.fr\/#organization"},"potentialAction":[{"@type":"SearchAction","target":{"@type":"EntryPoint","urlTemplate":"https:\/\/ostorea-hdl.fr\/?s={search_term_string}"},"query-input":"required name=search_term_string"}],"inLanguage":"fr-FR"},{"@type":"ImageObject","@id":"https:\/\/ostorea-hdl.fr\/index.php\/product\/tiramisu\/#primaryimage","inLanguage":"fr-FR","url":"https:\/\/ostorea-hdl.fr\/wp-content\/uploads\/2020\/11\/tiramisu.jpg","contentUrl":"https:\/\/ostorea-hdl.fr\/wp-content\/uploads\/2020\/11\/tiramisu.jpg","width":585,"height":438},{"@type":"WebPage","@id":"https:\/\/ostorea-hdl.fr\/index.php\/product\/tiramisu\/#webpage","url":"https:\/\/ostorea-hdl.fr\/index.php\/product\/tiramisu\/","name":"TIRAMISU - Ostorea HDL","isPartOf":{"@id":"https:\/\/ostorea-hdl.fr\/#website"},"primaryImageOfPage":{"@id":"https:\/\/ostorea-hdl.fr\/index.php\/product\/tiramisu\/#primaryimage"},"datePublished":"2022-04-13T00:36:33+00:00","dateModified":"2024-10-30T11:40:53+00:00","breadcrumb":{"@id":"https:\/\/ostorea-hdl.fr\/index.php\/product\/tiramisu\/#breadcrumb"},"inLanguage":"fr-FR","potentialAction":[{"@type":"ReadAction","target":["https:\/\/ostorea-hdl.fr\/index.php\/product\/tiramisu\/"]}]},{"@type":"BreadcrumbList","@id":"https:\/\/ostorea-hdl.fr\/index.php\/product\/tiramisu\/#breadcrumb","itemListElement":[{"@type":"ListItem","position":1,"name":"Home","item":"https:\/\/ostorea-hdl.fr\/"},{"@type":"ListItem","position":2,"name":"Commandez en ligne","item":"https:\/\/ostorea-hdl.fr\/index.php\/shop\/"},{"@type":"ListItem","position":3,"name":"TIRAMISU"}]}]}},"_links":{"self":[{"href":"https:\/\/ostorea-hdl.fr\/index.php\/wp-json\/wp\/v2\/product\/2216","targetHints":{"allow":["GET"]}}],"collection":[{"href":"https:\/\/ostorea-hdl.fr\/index.php\/wp-json\/wp\/v2\/product"}],"about":[{"href":"https:\/\/ostorea-hdl.fr\/index.php\/wp-json\/wp\/v2\/types\/product"}],"wp:featuredmedia":[{"embeddable":true,"href":"https:\/\/ostorea-hdl.fr\/index.php\/wp-json\/wp\/v2\/media\/1857"}],"wp:attachment":[{"href":"https:\/\/ostorea-hdl.fr\/index.php\/wp-json\/wp\/v2\/media?parent=2216"}],"wp:term":[{"taxonomy":"product_cat","embeddable":true,"href":"https:\/\/ostorea-hdl.fr\/index.php\/wp-json\/wp\/v2\/product_cat?post=2216"},{"taxonomy":"product_tag","embeddable":true,"href":"https:\/\/ostorea-hdl.fr\/index.php\/wp-json\/wp\/v2\/product_tag?post=2216"}],"curies":[{"name":"wp","href":"https:\/\/api.w.org\/{rel}","templated":true}]}}